12330
In base 6, what is -3 - 23013200?
-23013203
In base 10, what is 4 - 15776546?
-15776542
In base 6, what is 22 + -12313010?
-12312544
In base 4, what is 333001112 - 2?
333001110
In base 14, what is 21c0b3 + -37?
21c07a
In base 3, what is 202222021 - -10210021?
220202112
In base 4, what is 1011110 + 11313231?
12331001
In base 8, what is 1 + 172335315?
172335316
In base 11, what is -69a5 + -7aa?
-76a4
In base 15, what is 0 - -275573a?
275573a
In base 16, what is -157841 - -60?
-1577e1
In base 13, what is -b05a - -1ba?
-ab70
In base 8, what is 155765 - -1506?
157473
In base 5, what is -201320303134 - -4?
-201320303130
In base 8, what is -106054305 - -25?
-106054260
In base 10, what is -8329 + -3469?
-11798
In base 6, what is 33554 - 34504?
-510
In base 8, what is 30360 - -13267?
43647
In base 2, what is -10100 + -100000011110001010100?
-100000011110001101000
In base 10, what is 892 - -86990?
87882
In base 15, what is 2c11d1 - 22?
2c11ae
In base 16, what is -173ce + -265?
-17633
In base 4, what is -11 + -112000331000?
-112000331011
In base 7, what is -2130 + 115160?
113030
In base 4, what is -3322031231 - 3002?
-3322100233
In base 16, what is -3b - 111e9?
-11224
In base 3, what is 1021120201121002 - 101?
1021120201120201
In base 2, what is 11 - 101001101100001101000?
-101001101100001100101
In base 16, what is fda5 + -21?
fd84
In base 3, what is 1222222202 + -122000?
1222100202
In base 2, what is 11111100101101100 + -100101111000?
11110111111110100
In base 9, what is -48878 - 8?
-48887
In base 15, what is -3ba29 - 11c?
-3bb46
In base 15, what is -81d - -b1ad?
a890
In base 4, what is -1001210 - -100103?
-301101
In base 13, what is -1 + 1591396?
1591395
In base 3, what is -110 - -2210010202210?
2210010202100
In base 12, what is -1267570 + -100?
-1267670
In base 10, what is 3068880 - -4?
3068884
In base 14, what is -6d41d7 + -14?
-6d420b
In base 12, what is -5 - -4668105?
4668100
In base 4, what is -1 - -110212302330?
110212302323
In base 9, what is 3135518 - -3?
3135522
In base 6, what is 0 + -10505221325?
-10505221325
In base 2, what is -100011100110110110101111101 - 101?
-100011100110110110110000010
In base 12, what is -562 + 12318?
11976
In base 12, what is b - 739508?
-7394b9
In base 9, what is -4544 - 23214?
-27758
In base 9, what is 0 - -41172066?
41172066
In base 2, what is 100101101111101110 + 100011?
100101110000010001
In base 10, what is -6 + -13027115?
-13027121
In base 9, what is 24815 + 1628?
26544
In base 14, what is -8328 + -ca9?
-91d3
In base 5, what is -10303441321 - -3?
-10303441313
In base 5, what is -33 - -1123142430?
1123142342
In base 14, what is 151 + -296b?
-281a
In base 12, what is -31 - 8759839?
-875986a
In base 14, what is 5 + b8123?
b8128
In base 9, what is 12 - -3180855?
3180867
In base 3, what is -211020021020010 + -12?
-211020021020022
In base 15, what is -3 + -adb2259?
-adb225c
In base 8, what is -12 + -7423142?
-7423154
In base 6, what is -2434140 - -1054?
-2433042
In base 2, what is -1011000 + -1101101010111111000?
-1101101011001010000
In base 4, what is 12113003032 - 31?
12113003001
In base 3, what is 1110220022222210 - 101?
1110220022222102
In base 11, what is -38468 + -1225?
-39692
In base 12, what is -12340 - -14b5?
-10a47
In base 3, what is -1211002 - 211121020?
-220102022
In base 2, what is 1010111111011000100 - 111010001?
1010111110011110011
In base 9, what is -21244077 + -1?
-21244078
In base 9, what is 143067 + -142?
142825
In base 2, what is 1010110001010000111 + 1100011?
1010110001011101010
In base 3, what is -211122011111 + 0?
-211122011111
In base 6, what is -31103031 + -5?
-31103040
In base 4, what is 2 + -1122223333032?
-1122223333030
In base 10, what is 952184715 - -4?
952184719
In base 3, what is 2 - -200210102220211?
200210102220220
In base 15, what is -824e1 - -2?
-824de
In base 15, what is -5d61a5 + 0?
-5d61a5
In base 14, what is -28 + -46adcd?
-46b017
In base 6, what is 120014340 - 40?
120014300
In base 4, what is -1303220302310 + -11?
-1303220302321
In base 3, what is -201212 + -21111211211?
-21112120200
In base 16, what is -38388 + 3e?
-3834a
In base 8, what is 544046 - 27?
544017
In base 16, what is e0e6 + -6c9?
da1d
In base 7, what is 3 - -3422505?
3422511
In base 5, what is 13 - 122310330034?
-122310330021
In base 16, what is 1265 - -a650?
b8b5
In base 15, what is 18c0 - -10eb?
29bb
In base 5, what is 320 + -22333024?
-22332204
In base 15, what is -15426e5 - -20?
-15426c5
In base 14, what is -4 - 22bd0ac?
-22bd0b2
In base 6, what is -423102353 + 2?
-423102351
In base 11, what is -70 - -2a42a4?
2a4234
In base 9, what is -110544 - 14?
-110558
In base 4, what is -31003113 + -2302102?
-33311221
In base 14, what is 7713 + -28cd?
4c24
In base 3, what is 1222 - -200021002122112?
200021002201111
In base 6, what is -11 + 154104421?
154104410
In base 2, what is 1101010 - -110011000010110?
110011010000000
In base 9, what is -13 - -10324820?
10324806
In base 13, what is -2190 + 82b?
-1662
In base 3, what is 1201010101 + 120?
1201010221
In base 16, what is -1c6 + 6d3?
50d
In base 13, what is -5 - 17c0328?
-17c0330
In base 8, what is -34120301 - 15?
-34120316
In base 5, what is 1 + 12404310?
12404311
In base 10, what is 26 + -417056?
-417030
In base 6, what is 45204 - -115?
45323
In base 8, what is -67 + -1666122?
-1666211
In base 13, what is 566b90 - c4?
566a99
In base 16, what is 5 - 6079043?
-607903e
In base 3, what is -11200 + 122212212201?
122212201001
In base 12, what is -6416 - -12bb?
-5117
In base 4, what is -22003100020030 - 3?
-22003100020033
In base 7, what is -105 - 454261?
-454366
In base 14, what is 100a61b - 5?
100a616
In base 10, what is 5357 + 16?
5373
In base 15, what is -6 + -4b6137?
-4b613d
In base 2, what is 101011000 + -1011000110100011010?
-1011000101111000010
In base 2, what is 110001011100010111010011 - -1?
110001011100010111010100
In base 5, what is 31424144 + 13?
31424212
In base 3, what is -2100202120012 - -202102?
-2100201210210
In base 14, what is 2 - 260c55a?
-260c558
In base 5, what is 20304302042 + 2?
20304302044
In base 10, what is 4 + -143057667?
-143057663
In base 13, what is 9245 + -b20c?
-1c97
In base 6, what is -33552551 + 224?
-33552323
In base 12, what is 2749 + 24b5b?
276a8
In base 14, what is -3 - -316a6d?
316a6a
In base 14, what is -24a090 + b?
-24a083
In base 2, what is -111011001100 + 10001110010?
-101001011010
In base 11, what is 1 + 1807474?
1807475
In base 8, what is -2424510051 - 4?
-2424510055
In base 5, what is 133141010112 - -10?
133141010122
In base 5, what is 2 - 2230333314?
-2230333312
In base 8, what is 7670555 + -15?
7670540
In base 4, what is 300032 + -3323?
230103
In base 4, what is -10103201301 - 12331?
-10103220232
In base 12, what is -15 - 176270a?
-1762723
In base 11, what is -45 + -19a406?
-19a450
In base 10, what is -1163659 + -84?
-1163743
In base 11, what is 2 + 16a17515?
16a17517
In base 4, what is -1002 + -2122000122?
-2122001130
In base 2, what is 11 + 101110011101010110010101?
101110011101010110011000
In base 7, what is -4 - 161360412?
-161360416
In base 16, what is -7 + -208d7a?
-208d81
In base 8, what is -376011 + -1071?
-377102
In base 12, what is 4 + -22359415?
-22359411
In base 6, what is -2322433351 + -5?
-2322433400
In base 12, what is -2 + 34915a?
349158
In base 11, what is 1308 - 223057?
-22184a
In base 11, what is 1a305a92 + 0?
1a305a92
In base 11, what is -4 + -1a899728?
-1a899731
In base 15, what is -17 + -c2ad27?
-c2ad3e
In base 7, what is 10224424 - -35?
10224462
In base 7, what is -1034 + -11423?
-12460
In base 3, what is -1111110220 - -20000?
-1111020220
In base 11, what is 16386134 - 4?
16386130
In base 16, what is 1 - -31c943?
31c944
In base 5, what is 33120243 - 1434?
33113304
In base 13, what is -3 + -8c842cc?
-8c84302
In base 14, what is 2bb35c14 + 3?
2bb35c17
In base 7, what is -12520050531 + -4?
-12520050535
In base 16, what is 0 - e3cb?
-e3cb
In base 8, what is 274 + 114631?
115125
In base 8, what is 176 + 776145?
776343
In base 7, what is -3 + 102102122?
102102116
In base 15, what is 0 - 3070236?
-3070236
In base 14, what is 3d4cc3d + -5?
3d4cc38
In base 13, what is 11 + -36a27?
-36a16
In base 14, what is 14a + -ca7b1?
-ca665
In base 11, what is -45a544a - -3?
-45a5447
In base 14, what is 2a - 52947?